e v(6). Let b(p) = -p**3 - 5*p**2 - 4*p. Determine b(c).
0
Suppose -4*v - o + 15 = 0, 8*o + 25 = 5*v + 3*o. Let q(u) = -1. Let p(w) = -3*w + 10. Let n(c) = -p(c) - 4*q(c). What is n(v)?
6
Let y(a) be the third derivative of -a**6/720 - a**4/24 - a**2. Let h(s) be the second derivative of y(s). What is h(-1)?
1
Let l(c) = -3*c + 3. Let w(x) = 2*x - 3. Let v(p) = 3*l(p) + 4*w(p). Let j be v(-5). Suppose -2*g = j*g. Let q(s) = s**2 + 1. Give q(g).
1
Let v(g) = -g + 8 - 9 - 6*g. Give v(1).
-8
Suppose -7 = -3*z + 8. Let g(l) = -l**3 + 4*l**2 + 4*l + 6. Let m be g(z). Let o(q) be the third derivative of q**4/24 - q**3/3 + 30*q**2. Determine o(m).
-1
Let n(j) = 8*j**3 - j**2 + j - 1. Let x(q) = -q**3 + q + 1. Suppose 1 = -3*c - 2. Let k be x(c). Calculate n(k).
7
Let y(h) = -h**3 + 4*h**2 + 2*h - 2. Let v be y(4). Let w be (-1)/(1 + -2 + 2). Let o(p) = -p - 5. Let r(n) = -n. Let m(q) = w*o(q) + 3*r(q). Calculate m(v).
-7
Let o(f) = f**3 + 9*f**2 + 9*f + 12. Let n be o(-8). Let z = n + -6. Let a(m) be the first derivative of m**3 + m**2 + m - 1. Determine a(z).
9
Let w(s) = 2*s + 6. Let f = -26 - -21. Determine w(f).
-4
Let i(a) = 10 - 3*a + 0*a + 4*a. Suppose -2*b = -5*u - 37, 3*u + 15 = 5*b - 2*b. Let z be i(u). Let l(y) = 3*y**2 + y. Calculate l(z).
4
Let t(l) be the first derivative of l**4/4 - 4*l**3/3 - l**2/2 - 7*l + 9. What is t(5)?
13
Let x(o) be the first derivative of o**3/3 - 5*o**2 + 11*o + 2. Determine x(8).
-5
Suppose -8*p + 13 = 5*p. Let b(a) = 2*a**3 + a**2 + a - 1. Calculate b(p).
3
Let a(c) = 7*c**2 - c + 2. Let x(d) = 13*d**2 - 2*d + 3. Let u(h) = -5*a(h) + 3*x(h). Let k(f) = -f - 2 + 2. Let r be k(1). Calculate u(r).
4
Suppose 0 = -3*h - 2*h. Let m(a) be the first derivative of a**6/360 + a**5/120 - a**4/12 + a**3/3 + 1. Let l(g) be the third derivative of m(g). What is l(h)?
-2
Let v be (8/6 + -1)*3. Suppose 0*n = n - v. Let p(o) be the third derivative of 7*o**4/24 - o**3/6 + 4*o**2. What is p(n)?
6
Let p(a) = 6*a + 12. Let r(u) = u + 1. Let h(y) = -p(y) + 5*r(y). Let q be h(-3). Let o(f) be the first derivative of f**2/2 - f + 1. Give o(q).
-5
Let f(x) = 5 + 1 - 3 + 6*x - x**2. Let a be f(6). Let d(j) be the third derivative of -j**5/60 + j**4/8 - 2*j**3/3 - 15*j**2 + 1. Calculate d(a).
-4
Suppose -2*n - 22 = -5*x + 3, 4*x + n = 33. Let d(l) = -l + 2. Let w be d(-5). Let p(m) = 3*m - x*m + w - 3. Determine p(3).
-8
Let i(g) be the second derivative of -g**5/20 - g**4/12 - g**3/3 - 3*g**2/2 + g. Determine i(-2).
5
Let d = 3 + -1. Let h(w) = d - 6*w + 3*w + w. Let k be 4/10 + 8/5. Calculate h(k).
-2
Let w = -46 + 41. Let t = -5 + 1. Let y(r) = -5*r**3 - 4*r**2 - r - 2. Let u(p) = -4*p**3 - 4*p**2 - 3. Let q(a) = t*u(a) + 3*y(a). Give q(w).
-4
Let o = -226 + 230. Let k(h) = 8*h - 4. Let u(l) = -l**2 - 25*l + 13. Let q(b) = -7*k(b) - 2*u(b). Calculate q(o).
10
Let r = 14 + -10. Suppose 0 = r*c, 4*c - 6 = -j + 2*c. Suppose -u - j = u. Let l(g) = -g. What is l(u)?
3
Let t(s) = -s**2 + 1. Let h be 1 - (6 + -3 - 3). Let m be (-1 - h)*1/(-2). Give t(m).
0
Let r be 7/(-28)*(1 - 1). Let s(i) = -i - 10. Give s(r).
-10
Let h(z) = -130 + 121 - z**2 + 3*z + z + 5*z. Calculate h(6).
9
Let c = 3 - 5. Let s be 2/c + -1 + 4. Let u(z) = -s - 3*z + 9*z - z**2 + 0*z**2. Calculate u(5).
3
Let j be (-2)/6 - (-21)/9. Let n(q) = -7*q + 6. Let o(v) = -15*v + 13. Let u(a) = j*o(a) - 5*n(a). Give u(4).
16
Suppose -y - 6 + 3 = a, -12 = 4*y - 5*a. Suppose -5*q - 15 = 3*o + 2*o, 3*o + 21 = 3*q. Let d = q + y. Let r(n) = 11*n. What is r(d)?
-11
Let i(j) = -j**3 - 7*j**2 - 5*j + 4. Let k be i(-6). Let g(z) be the first derivative of -z - 1/2*z**2 + 1. What is g(k)?
1
Suppose 0 = -2*p + 7*p - 15. Suppose -2*l = -4*u + p*l - 32, -16 = 4*u - l. Let x(s) = s + 2. What is x(u)?
-1
Let i(z) = 2*z**2 - 7*z - 3. Let l(m) = -m**2 + m + 1. Let v(k) = i(k) + 6*l(k). Let r(g) = 3*g**2 - 3. Let b(y) = 5*r(y) + 4*v(y). Calculate b(-2).
1
Let u(o) = -4*o**2 + 2*o - 1. Suppose 8*r - 60 + 52 = 0. What is u(r)?
-3
Let m = -180 - -183. Let g(a) be the first derivative of -m*a + 3 + 1/4*a**4 + 1/2*a**2 - 2*a**3. What is g(6)?
3
Let o(y) = -3*y**2 + y - 1. Let q be o(1). Let t(l) be the first derivative of -1 - 1/2*l**2 + 3*l. Determine t(q).
6
Suppose -4*i = -i - 6. Let b = i - -3. Let v(u) = -u + 6. Give v(b).
1
Let b(h) = h**3 - 10*h**2 + 8*h + 8. Let k be b(9). Let y(j) = -j. Let r(a) = -a**2 + 11*a. Let w(v) = k*r(v) - 5*y(v). What is w(6)?
0
Let i(z) be the first derivative of 9*z**2 - 10*z**2 + 0 - 5*z - 1. Give i(-6).
7
Let v(o) = -2*o**2 + 3*o + 2. Let s(d) = d**2 - d - 1. Let x(n) = s(n) + v(n). Calculate x(-2).
-7
Let n(a) be the first derivative of a**2/2 - a - 27. Determine n(-7).
-8
Let k(t) = -3*t - 4. Suppose 2*n + 3*n = -15. Determine k(n).
5
Let v(k) = k**3 + k**2 + k - 5. Let q(a) = -a**3 - 10*a**2 - a - 10. Let u(i) = 3*i + 8. Let h be u(-6). Let d be q(h). Give v(d).
-5
Let x(z) = 3*z - 3. Let v = -3 + 5. Let m be ((-24)/(-15) - v)*-5. Calculate x(m).
3
Let q(d) = 2*d**2 - 3*d + 2. Let f be q(2). Suppose l - 2 = 0, -2*b - 2*l + 14 = -f*l. Let h(s) = 2 + s**2 + b*s**3 + 2*s - 5*s**2 - 8*s**3. What is h(2)?
-2
Let q = 5 + -2. Let j(l) = 7*l**3 - 3*l**2 + l - 1. Let v(a) = -14*a**3 + 5*a**2 - a + 2. Let o(w) = q*v(w) + 5*j(w). What is o(-1)?
6
Let a(z) = 2*z - 1. Let s(b) = -5*b + 3. Suppose 2*l = 2*o + o + 28, 4*o - l + 29 = 0. Let d(x) = o*s(x) - 17*a(x). What is d(-2)?
7
Let a be 0/(-2*(-3)/(-2)). Let l(k) = -2*k + k + a + 5. Determine l(0).
5
Let d(h) = h**2 - 2*h - 1. Let n = -6 + 3. Let k be 3*(-1)/n + 2. Calculate d(k).
2
Let s = -13 + 8. Let k(c) be the first derivative of -3/2*c**2 - 1/3*c**3 - 7 + c. Give k(s).
-9
Let l(r) = -19*r + 2. Let x(f) = -9*f + 1. Suppose -2*z + 3 = -1. Let b(y) = z*l(y) - 5*x(y). Calculate b(1).
6
Let d(a) = -6*a + 1. Let h be d(-1). Let w = h + -2. Let u(t) = t**3 - 5*t**2 + t + 1. What is u(w)?
6
Let p(r) = 3*r**2 + r - 3. Let a(n) = -15*n**2 + 2*n - 7*n + 2*n**2 + 12 + n. Let x(d) = 2*a(d) + 9*p(d). Determine x(-3).
3
Let p(f) = 5*f**3 + 3*f**2 + 5. Let c(m) = 5*m**3 + 4*m**2 + 6. Let h(r) = -4*c(r) + 5*p(r). Let l = 4 - 5. Calculate h(l).
-5
Let i(n) = -n**2. Suppose 5 + 5 = 5*p. Let f = -5 - -7. Let o be 1/(((-4)/p)/f). Give i(o).
-1
Let g(a) be the first derivative of -1/2*a**2 + 5 + 3*a. Calculate g(-3).
6
Let c(j) = 8*j**2 - 3*j - 1. Let f(g) = 15*g**2 - 5*g - 2. Let s(x) = -11*c(x) + 6*f(x). Let t = -16 + 13. What is s(t)?
8
Let p(i) = 1 - 4 + 2 + 5*i. Let c = 1 + -1. Let f = c + -1. Give p(f).
-6
Let q(j) = -j**2 - 1 + 76*j - 76*j. Give q(2).
-5
Let m(x) = -x - 4. Let y = -38 - -32. Determine m(y).
2
Let d(g) = -9*g - 1. Let o(x) = 6*x + 1. Let s(c) = -5*d(c) - 7*o(c). Let k = -87 - -84. What is s(k)?
-11
Let n(c) = 2*c**2 - 2*c + 1. Let t(d) = -d**3 - 18*d**2 + 1. Let i be t(-18). Determine n(i).
1
Let t(s) = 6*s**3 - 1. Let b = 20 - 17. Suppose 0 = 5*u - 2*u - b. Determine t(u).
5
Let p(s) be the second derivative of 1/20*s**5 - 1/6*s**3 - 1/12*s**4 + 5*s**2 + 0 - 2*s. Determine p(0).
10
Let y(l) be the second derivative of -l**3/3 + l**2 - l. Give y(-2).
6
Let d be 4 + (-5 - 0) + -2. Let b(f) = -2*f**2 - 2*f + 2. Determine b(d).
-10
Suppose 2*h + g + 4 = 4*g, -5*h + 4*g + 4 = 0. Suppose -5*m - 10 = 5*k, -m + 3*k + 22 = h*m. Let z(p) = p**2 - 4*p + 3. Calculate z(m).
-1
Let l(h) = h - 2 + 6*h**2 - h**2 - 6*h**2. Give l(0).
-2
Suppose 7*y - 4*y = 3. Let f(l) = -7*l**2 + 2*l - 1. Determine f(y).
-6
Let n(t) = t**3 + 4*t**2 + 6*t + 1. Let f be n(-3). Let s(x) = -x**2 - 8*x - 2. Determine s(f).
-2
Let z(n) = -3*n - 6. Suppose 6*q = -39 + 3. Calculate z(q).
12
Let n(s) be the second derivative of s**3/6 - 2*s**2 - 12*s. Determine n(7).
3
Let z(q) be the second derivative of 2*q**2 + 0 - 1/12*q**4 - 3*q + 1/2*q**3. What is z(5)?
-6
Let c(u) be the third derivative of u**4/24 + 5*u**3/6 + 4*u**2. Give c(-4).
1
Let o(f) be the first derivative of -f**2/2 + 2*f + 5. Determine o(0).
2
Let k = 1 + 3. Let y(h) = -h**2 + h. Determine y(k).
-12
Let w(h) = -4*h + 0*h - 2 - 2*h**3 + 6*h. Determine w(2).
-14
Let c(n) be the second derivative of 1/3*n**4 + 5/2*n**2 + 1/20*n**5 - 5/6*n**3 + 0 - n. Suppose 3*t + 9 + 6 = 0. Give c(t).
5
Let m(h) = -7*h - 19. Suppose 0*k - 2*j = 3*k - 15, j - 3 = 0. Let s(b) = -4*b - 10. Let a(w) = 